culate the highest common factor of 180 and 48876.
12
Calculate the highest common divisor of 943 and 2009.
41
What is the greatest common factor of 2263 and 7373?
73
What is the highest common factor of 1890 and 30105?
135
What is the highest common divisor of 1224 and 4296?
24
Calculate the highest common factor of 23644 and 552.
92
What is the greatest common factor of 1196 and 22425?
299
What is the greatest common divisor of 13534 and 11514?
202
What is the highest common divisor of 582 and 28?
2
Calculate the highest common factor of 396 and 1035628.
44
Calculate the highest common factor of 196791 and 21.
21
Calculate the greatest common divisor of 3979 and 9515.
173
Calculate the greatest common divisor of 423 and 896619.
141
What is the highest common factor of 9 and 6630?
3
Calculate the greatest common divisor of 86 and 4994278.
86
Calculate the greatest common divisor of 2000 and 242500.
500
Calculate the highest common factor of 23380 and 4340.
140
Calculate the greatest common factor of 199282 and 222.
74
Calculate the highest common divisor of 30 and 2394.
6
What is the highest common divisor of 319 and 8265?
29
Calculate the greatest common divisor of 7557 and 264.
33
What is the highest common divisor of 3681 and 16769?
409
Calculate the highest common divisor of 25045 and 15.
5
What is the highest common factor of 4301 and 23851?
391
Calculate the greatest common factor of 3348 and 4367466.
1674
What is the greatest common factor of 95940 and 1107?
369
What is the greatest common factor of 48 and 121152?
48
Calculate the greatest common divisor of 294 and 831.
3
Calculate the highest common factor of 8 and 1246108.
4
What is the highest common divisor of 494780 and 1384?
692
Calculate the greatest common factor of 4142 and 114.
38
Calculate the highest common factor of 314 and 82739.
157
Calculate the greatest common factor of 9 and 693972.
9
Calculate the highest common factor of 171 and 445987.
19
Calculate the highest common divisor of 265734 and 294.
42
What is the highest common divisor of 314001 and 36?
9
Calculate the greatest common divisor of 1575 and 172025.
175
Calculate the highest common divisor of 102 and 7327.
17
What is the highest common factor of 74220 and 300?
60
What is the highest common factor of 23233 and 119?
7
What is the greatest common divisor of 80464 and 20972?
428
Calculate the highest common factor of 6789 and 2511.
93
What is the greatest common divisor of 15 and 22595?
5
What is the greatest common factor of 13897 and 2873?
13
Calculate the highest common factor of 311286 and 174.
174
What is the highest common divisor of 209332 and 708?
236
What is the greatest common factor of 825417 and 1026?
513
Calculate the highest common factor of 3107 and 1261.
13
What is the highest common divisor of 576166 and 310?
62
What is the greatest common factor of 489341 and 597?
199
Calculate the highest common divisor of 84 and 21336.
84
Calculate the greatest common factor of 217347 and 26.
13
What is the greatest common factor of 1510 and 244318?
302
What is the greatest common divisor of 213373 and 31?
31
What is the highest common factor of 1073532 and 3288?
1644
Calculate the highest common divisor of 4429 and 75499.
103
What is the highest common factor of 427 and 10858?
61
What is the greatest common divisor of 7560 and 820?
20
What is the highest common divisor of 114 and 2904?
6
What is the greatest common divisor of 5874 and 641334?
534
What is the greatest common divisor of 30052 and 55?
11
What is the greatest common divisor of 69150 and 2250?
150
What is the highest common divisor of 454 and 261731?
227
Calculate the greatest common factor of 1825 and 440920.
365
What is the highest common factor of 45128 and 144?
8
What is the greatest common factor of 1110 and 2955?
15
Calculate the highest common divisor of 64 and 2672.
16
What is the greatest common divisor of 1220 and 47092?
244
Calculate the greatest common divisor of 121905 and 6885.
405
Calculate the highest common divisor of 19126 and 3406.
262
What is the highest common divisor of 17640 and 77?
7
Calculate the greatest common divisor of 4700 and 541675.
1175
What is the greatest common divisor of 2035 and 4255?
185
Calculate the greatest common factor of 1863 and 17664.
69
Calculate the highest common factor of 396 and 305892.
36
What is the highest common factor of 546290 and 40?
10
What is the greatest common divisor of 3827 and 129406?
89
Calculate the greatest common factor of 2796 and 1704.
12
What is the highest common factor of 12 and 139476?
12
What is the highest common factor of 378426 and 354?
354
Calculate the highest common factor of 65152 and 126741.
509
What is the highest common divisor of 26144 and 43301?
817
Calculate the highest common factor of 55918 and 20682.
766
What is the greatest common factor of 12028 and 32?
4
What is the highest common factor of 11842 and 3247?
191
Calculate the highest common divisor of 1052622 and 772.
386
Calculate the greatest common factor of 30 and 7405.
5
What is the highest common factor of 147 and 54145?
49
Calculate the highest common factor of 351 and 793.
13
What is the greatest common factor of 55 and 3090967?
11
What is the greatest common factor of 28379 and 416?
13
What is the highest common divisor of 2747628 and 216?
108
What is the highest common divisor of 197253 and 8091?
279
What is the greatest common factor of 12015 and 117?
9
What is the highest common factor of 87842 and 3682?
526
What is the greatest common divisor of 310368 and 16?
16
What is the greatest common factor of 4878 and 715982?
542
Calculate the highest common divisor of 418 and 71236.
22
What is the highest common divisor of 92 and 444?
4
Calculate the greatest common factor of 54869 and 3.
1
What is the highest common factor of 665 and 6606775?
665
What is the highest common divisor of 237 and 34760?
79
Calculate the greatest common divisor of 153 and 437427.
153
Calculate the greatest common divisor of 50138 and 44.
22
Calculate the highest common factor of 42 and 16359.
21
What is the highest common divisor of 38 and 336338?
38
Calculate the greatest common factor of 3296893 and 998.
499
Calculate the greatest common divisor of 13648 and 2768.
16
What is the greatest common factor of 22589 and 49?
49
Calculate the highest common divisor of 299 and 267122.
23
Calculate the greatest common factor of 5451 and 23.
23
Calculate the greatest common factor of 82 and 1134962.
82
Calculate the highest common factor of 10180 and 340.
20
What is the highest common factor of 140 and 323855?
35
What is the greatest common divisor of 9538270 and 70?
70
What is the greatest common factor of 425 and 125?
25
What is the highest common divisor of 18 and 87258?
6
What is the highest common factor of 39 and 1636167?
39
What is the highest common divisor of 611 and 893?
47
Calculate the greatest common factor of 12587 and 921.
307
What is the greatest common divisor of 139 and 745040?
139
Calculate the highest common divisor of 54564 and 4.
4
Calculate the greatest common factor of 7921968 and 48.
48
Calculate the highest common factor of 1720 and 224288.
344
What is the greatest common factor of 840 and 9630?
30
Calculate the highest common divisor of 368 and 5842.
46
What is the highest common factor of 62031 and 276?
69
What is the highest common divisor of 841 and 2036061?
841
Calculate the highest common divisor of 93290 and 38.
38
Calculate the highest common factor of 1852690 and 5.
5
Calculate the highest common divisor of 4 and 6283.
1
Calculate the greatest common factor of 38304 and 81312.
672
Calculate the greatest common divisor of 1551143 and 1012.
253
What is the highest common divisor of 208 and 128?
16
Calculate the highest common factor of 372813 and 123.
123
What is the highest common divisor of 130 and 1740?
10
What is the highest common divisor of 4641 and 39559?
221
Calculate the greatest common factor of 339 and 16206573.
339
Calculate the greatest common divisor of 6650770 and 343.
343
What is the greatest common divisor of 912 and 17214?
114
Calculate the greatest common divisor of 24358 and 76.
38
Calculate the highest common factor of 2112 and 76164.
132
Calculate the highest common fac